-17*x + 26*x, 3*a + 7 = 5*x. What is the greatest common divisor of k and x?
11
Suppose -g + 125 = -91. Let k(v) = -v**3 + 9*v**2 - 4*v + 10. Let h be k(8). Let w be 84/9*g/h. Calculate the greatest common factor of 16 and w.
16
Let t(x) = -4*x**2 + 48*x + 95. Let f(r) = r**2 - r - 1. Let o(b) = -5*f(b) - t(b). Let y be o(-15). Calculate the highest common factor of 60 and y.
30
Let x(z) = z**3 + 16*z**2 + z - 18. Let g = 733 - 740. Let v be x(g). Calculate the highest common factor of v and 26.
26
Let x = -2554 - -2619. Suppose -3*t + 90 = -0*t. Let c = x + t. Calculate the greatest common factor of c and 19.
19
Let q = -3562 + 3694. What is the highest common factor of q and 1815?
33
Suppose -52*v + 12723 = -47181. Calculate the greatest common factor of v and 108.
36
Let q be (48/64)/((-6)/44)*12/(-33). Let u = -4 + 6. Calculate the highest common factor of u and q.
2
Suppose -4*p - 16 = 0, -5*t + 69*p = 67*p - 428. Let y(v) = 210*v**2 - v + 1. Let b be y(1). What is the highest common factor of b and t?
42
Suppose -5*i = -10*i - 50. Let u be (i/8)/(5/(-80)). Suppose -42*g + 278 = -22 - 120. What is the highest common divisor of g and u?
10
Let g(z) = z**3 + 17*z**2 - 64*z - 8. Let b be g(-17). Suppose 0 = 24*s - 6*s - b. Suppose 5*m - 600 = m. What is the highest common factor of m and s?
30
Let l(y) = 3*y - 8. Let o be l(3). Suppose -15 = 4*r + o, 2*a = r + 14. What is the highest common divisor of 5 and a?
5
Let g = 3326 + -3100. What is the highest common factor of g and 13673?
113
Let p = -3 + 4. Suppose 0 = -o - 3*h + 3, 7*h = 4*o + 2*h - 12. Suppose 3*t - o*u = 15, -4*t + u + 26 = -u. Calculate the highest common factor of p and t.
1
Suppose 0 = -9*v + 748 + 53. Let p = v - 23. Calculate the greatest common divisor of 99 and p.
33
Let b be (47 - 2)/(-15) - -375. Calculate the greatest common factor of b and 2356.
124
Let g(x) = x**3 - 4*x**2 - 615*x + 8. Let d be g(27). Calculate the greatest common divisor of d and 135.
5
Let s = -204 - -369. Suppose 218*h - 14714 - 1859 = 5009. What is the highest common factor of h and s?
33
Suppose 5*g = -12 + 2, 2*a - 512 = 3*g. Let k = a + 280. Calculate the highest common divisor of 13 and k.
13
Suppose -x = l + 4*x - 13, 0 = -x. Suppose -l*h + 392 = h. What is the greatest common divisor of h and 140?
28
Suppose 112*a + 54*a - 767410 = -24*a. What is the highest common factor of 14 and a?
7
Suppose -260 + 57 = -5*c - 3*n, 4*c - n - 176 = 0. What is the highest common divisor of 215 and c?
43
Let j(z) = -2*z**2 - 16*z + 1. Let i be j(-6). Let u = 1543 - 1093. Calculate the highest common divisor of i and u.
25
Let m = -14469 - -18486. Calculate the highest common divisor of 117 and m.
39
Suppose -77 = -18*s + 517. Suppose s = 2*z + z. Let g(f) = 2*f**2 - 4*f + 6. Let l be g(4). Calculate the greatest common divisor of l and z.
11
Let w be (8/12)/(1*4/186). Let p(s) = s - 11. Let g be p(w). What is the highest common factor of 10 and g?
10
Suppose -3*t = 4*i - 64 - 82, -5*t - 5*i + 235 = 0. Suppose 0 = 42*z + 108 + 60. Let p be (-157 + -11)*2/z. Calculate the highest common divisor of t and p.
42
Suppose 96*t = 35207 + 60793. Calculate the greatest common divisor of t and 1.
1
Let t be ((-3)/(-18))/(3/648). Suppose -4*n - 34 = -826. Calculate the highest common factor of n and t.
18
Let k = -51 + -81. Let w = -128 - k. What is the highest common factor of w and 3?
1
Let w be -10 - -8 - (-299 - (1 + -1)). Calculate the greatest common factor of 54 and w.
27
Suppose 104978 - 26562 = 116*z. Calculate the highest common divisor of z and 507.
169
Suppose 0 = -17*j - 18*j - 5005. Let v = j - -147. Suppose -2*l + 1 = -3. What is the highest common factor of l and v?
2
Suppose -142 - 347 = 3*m + 3*h, -169 = m - 2*h. Let a = 193 + m. What is the greatest common factor of a and 7?
7
Let s(z) = 8*z**2 - 12*z - 11. Let p = -313 - -321. Let d be s(p). Calculate the greatest common factor of d and 45.
45
Let m be (-1 - (-240)/(-36))*-12. Suppose 0 = -13*j + 8*j + 1150. Calculate the greatest common factor of j and m.
46
Let m(g) be the second derivative of 11*g**3/6 + 61*g**2/2 + 2*g - 46. Let a be m(-5). Let i = 13 + 11. What is the greatest common factor of i and a?
6
Let y = 3 + 5. Suppose 5*m = -2*t - 1286, -t = m + 4*t + 271. Let l = -248 - m. What is the greatest common divisor of l and y?
8
Let r = 3106 - 1930. Calculate the highest common factor of 192 and r.
24
Let n(o) = o**3 - 2*o**2 - 15*o - 64. Let u be n(9). What is the highest common factor of 1552 and u?
16
Suppose 0 = -652*j + 646*j - 24. Let u be (-3)/2*(0 + j/6). What is the greatest common divisor of u and 3?
1
Let l = -13 + 21. Suppose 2*s = -l + 32. Let w be (33/s*-2)/(3/(-6)). What is the highest common factor of 99 and w?
11
Let k = 545 + -451. Suppose 3*j - 160 = -u, j - 2*u + 36 - k = 0. Calculate the highest common factor of j and 1782.
54
Suppose -3*s + 5*q = -68794, 130*s - 5*q = 126*s + 91727. Calculate the greatest common divisor of 71 and s.
71
Suppose 19*b = 128 - 71. Calculate the greatest common factor of b and 201.
3
Let s be 5238/126 + 24/(-42). Calculate the highest common divisor of 1271 and s.
41
Suppose -20 = -5*f, 19*k - 23*k = 5*f - 1168. Suppose 8412 = 25*l + k. Calculate the greatest common divisor of 26 and l.
13
Let k(r) = -3*r + 39. Let h be k(7). Suppose -u = -1 - 8. What is the highest common factor of u and h?
9
Suppose -62*v = -59*v. Suppose -5*y + 45 = 4*x - v*x, -4*y + 25 = x. Let i = y - -12. What is the greatest common divisor of i and 51?
17
Let p = -13 - 12. Let v = -621 - -670. Let i = v + p. Calculate the highest common divisor of 16 and i.
8
Let o(j) = j**3 - 23*j**2 + 63*j + 28. Suppose 4*y - 80 = b, -32*b + 37*b = -3*y + 60. Let p be o(y). Calculate the highest common factor of 8 and p.
8
Let j = 11025 + -11019. Calculate the greatest common divisor of j and 1158.
6
Let c(n) = 17518*n**3 + 5*n**2 + 3*n + 2. Let b be c(1). What is the greatest common divisor of 7 and b?
7
Let f(o) = 55*o**2 + 325*o - 6. Let n be f(-6). What is the greatest common factor of 10 and n?
2
Let h be 7/(-21) - 220/15. Let v(j) = -j**3 - 16*j**2 - 19*j. Let l be v(h). What is the highest common factor of l and 60?
60
Suppose -x + 53 = -211. Let j = x + -249. Calculate the greatest common factor of j and 165.
15
Suppose -3*h + 11 = 32. Let r be (-28)/6*6/h + 44. What is the highest common factor of 3 and r?
3
Let q = 72 - 37. Suppose -1295*h + 1321*h - 14560 = 0. Calculate the highest common divisor of q and h.
35
Suppose -17*p + 116 + 530 = 0. Let r = p - -10. Calculate the highest common divisor of 128 and r.
16
Suppose 16 - 36 = -a + 5*r, 3*r = -9. Suppose 2*g - a*k - 1845 = -2*g, 0 = 2*g + k - 919. Calculate the highest common divisor of 4 and g.
4
Suppose 3*a = -3*n + 261, 2*n - 15*a = -16*a + 172. Suppose 0 = 63*f - n*f + 770. What is the greatest common factor of 91 and f?
7
Suppose 5*o - 11*h + 10*h - 113 = 0, 2*o = -2*h + 62. Let w(m) = -33*m - 3. Let l be w(-3). Calculate the highest common divisor of o and l.
24
Let y(o) = 36*o - 5. Let k be y(5). Suppose 7*n - 4*n = -5*v + 119, 4*n = 3*v - 83. Calculate the greatest common factor of v and k.
25
Suppose 4*p - 60 + 42 = 5*t, 3*t - 8*p + 50 = 0. What is the highest common factor of 1046 and t?
2
Suppose 6*d = v - 402, 2*d + 2916 = -4*v + 4498. Let z = 5 - 9. Let w be 9*(-8)/(z/2). Calculate the greatest common factor of w and v.
36
Let m = -346 - -368. Let a = 10 - -34. What is the highest common divisor of m and a?
22
Let q(d) = 3*d**2 + 4*d + 1937. Let r be q(0). What is the greatest common divisor of r and 26?
13
Let r = 429 + -425. Suppose 0 = -4*l - 2*q + 120, 5*q + 171 = 5*l + 51. What is the highest common factor of r and l?
4
Let z(x) = 27*x**2 + 3*x. Let b be z(5). Suppose 0 = 4*v + 2*o - 106, 3*o - 7*o = -2*v + 88. Calculate the greatest common factor of b and v.
30
Suppose -9*z + 24 = -17*z. Let c(d) = -114*d + 3. Let l be c(z). Let n = 598 - l. What is the greatest common divisor of 23 and n?
23
Suppose -2 = -2*o, 8*o - 6*o + 376 = 2*r. What is the highest common divisor of 54 and r?
27
Suppose 5*c + 2*v + 10 = 0, 15 = -0*v + 3*v. Let m be (-184)/(1 + (3 - 3)). Let k be m/(-18) + c/18. Calculate the greatest common divisor of 40 and k.
10
Let j be